9
Calculate the greatest common factor of 18 and 90.
18
Calculate the greatest common factor of 24 and 72.
24
Calculate the greatest common divisor of 14 and 329.
7
Calculate the highest common divisor of 384 and 32.
32
What is the greatest common divisor of 200 and 700?
100
What is the greatest common divisor of 125 and 275?
25
What is the greatest common divisor of 436 and 68?
4
Calculate the greatest common factor of 6 and 48.
6
Calculate the highest common factor of 110 and 250.
10
Calculate the greatest common factor of 148 and 5809.
37
Calculate the highest common divisor of 104 and 4056.
104
Calculate the highest common divisor of 52 and 884.
52
What is the highest common factor of 3366 and 4284?
306
What is the highest common divisor of 116 and 2088?
116
Calculate the highest common divisor of 272 and 32.
16
Calculate the highest common factor of 924 and 840.
84
What is the greatest common factor of 506 and 46?
46
Calculate the greatest common factor of 11938 and 282.
94
Calculate the highest common factor of 1058 and 1104.
46
What is the greatest common factor of 2289 and 56?
7
Calculate the greatest common factor of 51 and 1224.
51
What is the highest common divisor of 22 and 473?
11
What is the highest common factor of 21570 and 15?
15
What is the highest common divisor of 11084 and 204?
68
What is the highest common factor of 48 and 128?
16
What is the highest common divisor of 81 and 8181?
81
Calculate the highest common divisor of 144 and 176.
16
Calculate the greatest common factor of 95 and 135.
5
Calculate the greatest common factor of 3022 and 22.
2
What is the greatest common factor of 255 and 935?
85
What is the highest common factor of 4862 and 198?
22
Calculate the greatest common divisor of 54 and 135.
27
What is the greatest common factor of 594 and 2871?
99
What is the highest common factor of 33 and 363?
33
What is the highest common factor of 30 and 165?
15
Calculate the greatest common divisor of 522 and 126.
18
Calculate the greatest common divisor of 64 and 88.
8
What is the highest common factor of 40 and 140?
20
What is the highest common factor of 882 and 45?
9
Calculate the greatest common factor of 21420 and 30.
30
What is the highest common factor of 671 and 11?
11
Calculate the greatest common divisor of 81 and 99.
9
Calculate the greatest common divisor of 18 and 18.
18
Calculate the highest common factor of 198 and 72.
18
Calculate the greatest common divisor of 16 and 1936.
16
What is the highest common divisor of 748 and 221?
17
What is the highest common factor of 3232 and 303?
101
What is the highest common divisor of 1176 and 120?
24
What is the greatest common divisor of 1887 and 148?
37
Calculate the greatest common divisor of 16 and 1808.
16
Calculate the highest common divisor of 350 and 42.
14
What is the greatest common factor of 2409 and 99?
33
What is the highest common factor of 7 and 16233?
7
What is the greatest common divisor of 835 and 4843?
167
What is the greatest common divisor of 16 and 232?
8
Calculate the highest common factor of 77 and 352.
11
What is the greatest common divisor of 164 and 20?
4
What is the highest common divisor of 6 and 10398?
6
Calculate the highest common factor of 477 and 12.
3
What is the greatest common divisor of 32 and 48?
16
What is the highest common factor of 27 and 837?
27
What is the highest common factor of 240 and 18?
6
Calculate the greatest common factor of 520 and 195.
65
Calculate the highest common factor of 2668 and 116.
116
What is the highest common divisor of 46 and 7222?
46
Calculate the greatest common divisor of 270 and 36.
18
What is the greatest common divisor of 63 and 432?
9
What is the highest common factor of 182 and 962?
26
What is the greatest common factor of 12034 and 110?
22
Calculate the highest common factor of 1494 and 198.
18
Calculate the highest common factor of 7 and 35.
7
What is the highest common divisor of 66 and 1089?
33
Calculate the highest common divisor of 342 and 1890.
18
Calculate the highest common factor of 11 and 517.
11
What is the highest common divisor of 1134 and 540?
54
What is the greatest common factor of 25 and 15?
5
Calculate the greatest common factor of 4905 and 45.
45
What is the highest common factor of 168 and 408?
24
What is the highest common factor of 889 and 14?
7
What is the highest common divisor of 18 and 1206?
18
What is the greatest common divisor of 238 and 272?
34
Calculate the highest common divisor of 27 and 27.
27
Calculate the highest common factor of 32 and 2336.
32
Calculate the greatest common factor of 44 and 20.
4
Calculate the greatest common divisor of 4 and 25964.
4
What is the greatest common divisor of 432 and 5292?
108
Calculate the greatest common divisor of 76 and 418.
38
What is the greatest common factor of 1 and 9?
1
Calculate the greatest common divisor of 1078 and 22.
22
What is the greatest common divisor of 1530 and 204?
102
Calculate the greatest common divisor of 1066 and 26.
26
What is the greatest common factor of 17 and 136?
17
Calculate the highest common factor of 2619 and 27.
27
Calculate the greatest common factor of 5494 and 268.
134
What is the highest common factor of 200 and 625?
25
Calculate the highest common divisor of 28 and 756.
28
Calculate the greatest common factor of 58 and 2349.
29
Calculate the greatest common divisor of 15 and 480.
15
What is the highest common factor of 26 and 351?
13
What is the greatest common factor of 885 and 30?
15
Calculate the greatest common factor of 1072 and 32.
16
What is the highest common divisor of 94 and 36519?
47
Calculate the greatest common divisor of 69 and 23.
23
What is the highest common factor of 847 and 242?
121
Calculate the highest common factor of 10 and 70.
10
Calculate the greatest common divisor of 152 and 380.
76
Calculate the greatest common factor of 4 and 166.
2
What is the greatest common divisor of 182 and 78?
26
Calculate the highest common divisor of 98 and 56.
14
What is the highest common factor of 1178 and 76?
38
Calculate the greatest common divisor of 215 and 14663.
43
What is the greatest common divisor of 319 and 44?
11
Calculate the highest common factor of 462 and 42.
42
Calculate the greatest common divisor of 6157 and 47.
47
Calculate the highest common factor of 1316 and 7.
7
What is the highest common factor of 189 and 27?
27
Calculate the highest common factor of 28868 and 28.
28
What is the highest common divisor of 10 and 35?
5
What is the highest common factor of 3856 and 16?
16
Calculate the greatest common factor of 713 and 31.
31
What is the highest common factor of 72 and 5517?
9
Calculate the greatest common divisor of 408 and 18.
6
Calculate the highest common divisor of 28 and 532.
28
What is the highest common factor of 3 and 429?
3
Calculate the greatest common divisor of 437 and 19.
19
Calculate the greatest common divisor of 37 and 1073.
37
What is the highest common factor of 70 and 280?
70
What is the greatest common divisor of 120 and 90?
30
Calculate the highest common divisor of 645 and 1419.
129
What is the greatest common factor of 15 and 60?
15
What is the highest common factor of 221 and 51?
17
Calculate the highest common divisor of 22665 and 45.
15
Calculate the highest common factor of 420 and 8220.
60
Calculate the highest common factor of 180 and 840.
60
What is the highest common factor of 250 and 2?
2
What is the highest common divisor of 17695 and 10?
5
Calculate the highest common divisor of 8055 and 30.
15
What is the greatest common divisor of 123 and 328?
41
What is the greatest common divisor of 1577 and 332?
83
Calculate the highest common factor of 377 and 29.
29
What is the highest common divisor of 1807 and 169?
13
What is the greatest common divisor of 21 and 2877?
21
Calculate the greatest common factor of 3465 and 21.
21
Calculate the highest common factor of 8 and 68544.
8
What is the greatest common divisor of 544 and 224?
32
What is the highest common factor of 40 and 9460?
20
What is the highest common divisor of 2041 and 1413?
157
What is the greatest common factor of 528 and 33?
33
What is the highest common factor of 291 and 24?
3
Calculate the highest common factor of 742 and 28.
14
Calculate the highest comm